 = 7*l + 258. Calculate y(z).
6
Let b(z) be the second derivative of z**3 - 11*z**2 + 181*z. Let m(p) = 8*p - 22. Let i(y) = -3*b(y) + 2*m(y). What is i(13)?
-4
Let p(b) be the third derivative of -49*b**4/24 - b**3/2 - 164*b**2 - 3*b. What is p(1)?
-52
Let u(c) = 2*c**3 - c**2 - 4*c. Suppose 5*k = -117*d + 120*d + 6, k + 4*d - 15 = 0. Give u(k).
33
Let b be (-8)/(-5)*(-5235)/(-1396). Let s(a) = -a**3 + 5*a**2 + 15*a - 39. What is s(b)?
15
Let z(p) be the third derivative of -p**7/2520 - p**6/720 - p**5/60 - 17*p**4/4 - 36*p**2. Let u(h) be the second derivative of z(h). Give u(-2).
-4
Let o(u) = -u**3 + 53*u**2 + 170*u - 104. Let a be o(56). Let f(n) = -9*n + 84. Determine f(a).
12
Suppose 185 = 42*n + 59. Let g(q) = -7445*q - n + 7436*q + 3 - q**2 - 4. What is g(-7)?
10
Suppose -2*a = -2*h + 22, -3*h + 37 = -0*h - 4*a. Let g(q) be the second derivative of -q**3/2 + 3*q**2 - 19*q + 1. Give g(h).
-15
Suppose -41*z = -40*z - 2. Let q(m) = -19 + z*m - 2*m + 2*m. Give q(12).
5
Let r(g) = -2*g**2 + 9*g + 1. Let t(s) = 25*s - 1023 - 8*s - 5*s**2 + 1025. Let h(w) = -7*r(w) + 3*t(w). Calculate h(-12).
-1
Let c be 7*(-13)/91*7. Let o(a) = a**2 + 17*a + 76. What is o(c)?
6
Let b(d) be the second derivative of 0*d**2 + 0*d**3 - 2*d - 98 - 3/2*d**4. Give b(1).
-18
Let q(m) be the second derivative of -m**5/20 - 5*m**4/4 - 13*m**3/6 + 11*m**2 - 1662*m. Calculate q(-14).
8
Let w be 1/2*-2*-27. Suppose 4*c + 11 = 5*i, -5*c - 5*i - w = -2. Let o(a) be the third derivative of a**6/120 + a**5/15 - 14*a**2 + 3. Give o(c).
0
Suppose 8*g = 16 + 16. Suppose -5*i = 5*c - 35, -2*c + 1 - 11 = -g*i. Let h(o) = -o**3 + 4*o**2 - 4*o. Calculate h(i).
-16
Let y(a) be the first derivative of -4*a**2 + 293*a + 9186. Give y(36).
5
Let q(r) = -2*r**3 - 1 + 3*r**3 + 7*r - 6*r**2 + 0. Suppose 897*p - 342*p + 295 = 286*p + 328*p. What is q(p)?
9
Let f(p) = -27*p + 12. Let t(m) = 76*m - 35. Let i(r) = 17*f(r) + 6*t(r). Let w = 2 - 6. Give i(w).
6
Let r(f) = f**2 - f + 2. Let d be r(0). Let i(s) = 7*s - 87. Let m(b) = -33*b + 414. Let h(o) = -19*i(o) - 4*m(o). Give h(d).
-5
Suppose -37 = -2*r - 31. Let s(o) = 3*o + 7*o**2 - r - 6*o**2 - 2*o - 3*o. Let t = -18 + 21. Determine s(t).
0
Let i(x) = -x**3 + 8*x**2 - 6*x - 6. Suppose -2*o - 144 = -8*o. Suppose 3*f + 9 - o = 0. Suppose 3*a = f*a - 14. Calculate i(a).
1
Let r(x) be the second derivative of x**4/12 + x**3 + 7*x**2/2 - x. Let i be r(-5). Let a(n) = 5*n**3 - n + 2*n - 12*n**i + 14*n**2 + 0*n. Calculate a(-1).
-4
Let u(q) = -2*q + 19. Suppose -15*a - 39 = -12*a. Let f = 22 + a. What is u(f)?
1
Let p(g) be the third derivative of -g**6/360 - g**5/15 - 5*g**4/24 - 9*g**3 + 50*g**2 - 1. Let y(b) be the first derivative of p(b). Give y(-7).
2
Suppose 3*x - 37 = 4*m, -m = -x + 3 + 9. Let n(j) = j**2 - 24*j + 146. Give n(x).
3
Suppose 9 + 6 = 5*v. Let b(t) = -t - 1. Let m(f) = -4*f - 9. Let i(r) = v*b(r) - m(r). Let u = -56 - -50. Determine i(u).
0
Let k(s) = 16 + 12*s**3 - 69 + 29*s**3 + 35*s - 18*s**2 - 40*s**3. Calculate k(16).
-5
Suppose 196*v + 613 + 927 - 576 = -996. Let c(l) = -l**3 + 8*l**2 - 3*l - 19. Let y(t) = t**3 + t**2 + t + 1. Let h(m) = -c(m) - 2*y(m). What is h(v)?
7
Let s(v) = -20*v**2 + 2*v + 4. Let b(k) = 503*k - 6037. Let t be b(12). Give s(t).
-18
Let w(x) = -36*x + 221. Suppose 0 = 8*t - 10*t + 5*y - 11, 3*y - 43 = -4*t. What is w(t)?
-31
Let a(p) = -15*p**3 + 61*p**2 + 12*p - 20. Let d(b) = 5*b**3 - 22*b**2 - 4*b + 7. Let m(y) = -5*a(y) - 14*d(y). Give m(1).
6
Let i(b) = 6*b**2 - b - 5. Suppose -495*j + 484*j = -33. Calculate i(j).
46
Let d(w) = w**2 - 3*w - 5. Let a be d(4). Let k(z) = -z**2. Let t(h) = 2*h**2. Let r(m) = a*k(m) - t(m). Suppose -123 = -213*g - 123. Calculate r(g).
0
Let z(f) = f - 12. Suppose -28*c + 32*c = 56. Suppose -c*o = -12*o - y - 11, o + 5*y - 11 = 0. Calculate z(o).
-6
Let p(t) = 0*t**2 + 2*t - t - t**2 - 5. Let s(f) = f**2 + 35*f - 91. Let j be s(-39). Let g be (0 - 1)*(-65 + j). Determine p(g).
-5
Let a be 6*3/15*(-9)/(243/(-45)). Let s(r) = -2*r + 10. Determine s(a).
6
Suppose 12 = 4*n + 5*q, -12*q = -11*q. Let x(d) = 13*d + d**n + d**2 - 5*d - 4*d**2 - 2 - 7*d. What is x(3)?
1
Let g(v) be the first derivative of -3*v**2/2 + 8*v + 1031. Suppose -8 = -7*b + 13. Determine g(b).
-1
Let z(t) = -7*t**2 - 6*t + 39. Let s(i) = 8*i**2 + 4*i - 41. Let x(q) = -6*s(q) - 7*z(q). Calculate x(-20).
13
Let a(t) be the first derivative of -27*t**2/2 - 22*t + 6. Let k be a(-3). Let j = 53 - k. Let y(x) = -x**3 - 7*x**2 - 9*x - 7. Determine y(j).
11
Let w(a) = -a - 3. Let u = -30 - -34. Let z = u + -3. Suppose -k = d - 2*d - z, -d - 5*k + 29 = 0. Determine w(d).
-7
Let j(l) = l**2 + 9*l - 4. Suppose -17*t - 3 = -20*t. Let z(d) = 1. Let y(b) = t*j(b) - 3*z(b). Calculate y(-10).
3
Let o be 15/(-6)*4 - (-18 + 14) - -3. Let y(f) be the first derivative of -f**3 - 3*f**2/2 + 2*f - 1. Give y(o).
-16
Suppose 2*u + 2*c - 12 = 0, 2*u - 6 = -c - 3*c. Let h(f) = 7*f - 13. Let l(w) = w. Let x(y) = -h(y) + 4*l(y). Give x(u).
-14
Let z = -12935 - -12948. Let m(o) = -o**2 + 20*o - 26. Determine m(z).
65
Let z(a) = a**3 - 8*a**2 - a - 2. Suppose 0 = -w + 4*t + 28, 5*w + 7*t = 8*t + 159. Suppose -16 = 30*h - w*h. Calculate z(h).
-10
Let q(j) = 5441*j - 11 - 4 - 5454*j + j**3 - 1 + 0*j**3 + 10*j**2. What is q(-11)?
6
Let t(b) = -b**3 - 3*b**2 + 4*b. Suppose 5*r - 87 = 2*r. Let x = 49 - r. Suppose 6*z = z - x. Calculate t(z).
0
Let q be 564/14 + -1 - 14/49. Let o be (-4)/(-64)*-4 - q/4. Let h(x) be the second derivative of -x**3/6 - 11*x**2/2 - x. Give h(o).
-1
Let c(r) = -7*r**2 - 5*r + 12. Let v(d) = 528 - 264 - 8*d**2 - 2*d - 5*d - 251. Let h(g) = 6*c(g) - 5*v(g). What is h(6)?
-35
Suppose r + 0*r + 5*k = 95, -4*k - 330 = -5*r. Let h = 91 - r. Let v(q) = -9*q + h*q - 7*q + 2*q**3 + 8*q**2 + 4 - 3*q**2. What is v(-3)?
-20
Let p(c) be the first derivative of 3*c**2/2 + 6*c - 951. Let t = 11 - 5. What is p(t)?
24
Suppose r = 13*y - 14*y + 7, 4*y + 2*r = 18. Let p(b) = -b + b**3 - 3*b**3 - 2*b - 20*b**y + 17*b**2 - 3. Give p(-2).
7
Let f be (2 - (-25 + 1)) + 2. Suppose 125 = -4*d - u, -3*d = -4*u + 84 + 5. Let n = f + d. Let r(p) = 2*p - 4. What is r(n)?
-10
Let c(w) = 3*w**2 - 6*w + 5. Let a be c(1). Let s(n) = n**3 + 3*n - 73 - a*n + 74 + 4*n**2. Calculate s(-2).
7
Let o(j) = j. Suppose 4*t + 5*m = 239, 0 = -5*m + 1 + 14. Suppose -5*r - 2*d - 43 = d, -t = 4*r - 3*d. What is o(r)?
-11
Let s(g) be the third derivative of -g**6/120 + g**5/12 + g**4/4 - g**3/2 - 10*g**2 + 40*g. What is s(6)?
-3
Let g(a) be the second derivative of -a**3/6 - 12*a**2 - 2*a - 490. Give g(-20).
-4
Let a = -264 - -302. Let n(w) = w**3 - 2*w + 53*w**2 - a + 35 - 46*w**2. Give n(-7).
11
Let r(a) be the third derivative of -a**6/360 - a**5/40 + a**4/8 + 107*a**3/3 + 12*a**2 - 6. Let d(n) be the first derivative of r(n). Give d(-7).
-25
Let l(w) be the third derivative of 7*w**4/12 + w**3/6 + 2*w**2 - 11. Let x(d) = -3*d**2 + 11*d. Let z be x(5). Let y = -21 - z. Calculate l(y).
-13
Suppose -2*r - 2*y = -5 - 9, 0 = 4*r - 5*y + 8. Suppose 7 = -4*m - 3*s, -r*m - 9*s = -6*s + 9. Let o(p) = 0*p**3 + 3*p**3 - 2*p**2 - p**3. Calculate o(m).
8
Let s(r) = -r**3 - r**2 - 2. Let q(v) = -2*v - 18. Let m be q(-8). Let y be s(m). Let z = -6 - y. Let d(c) = -c - 11. Determine d(z).
-3
Let k(v) = v**3 + 8*v**2 + 9*v - 7. Let m(g) = 413*g + 210. Let d(f) = 22*f + 11. Let x(p) = 56*d(p) - 3*m(p). Let h be x(-1). Determine k(h).
-21
Let a(k) = 20*k**3 + 16*k**2 + 10*k - 4. Let z(x) = -10*x**3 - 9*x**2 - 5*x + 3. Let u(b) = -4*a(b) - 7*z(b). Give u(-2).
81
Let d(c) = -c + 2. Let j(t) = 47*t - 24. Let p(g) = -9*g + 5. Let w(i) = -4*j(i) - 22*p(i). Let r(m) = 8*d(m) + w(m). Determine r(5).
12
Let v be (54/135 + (-23)/20)/((-18)/48). Let l(z) = 10*z + 12. Calculate l(v).
32
Let m(s) be the first derivative of s**3/3 + 3*s**2/2 - 84*s - 77. Let z(h) be the first derivative of m(h). Calculate z(-6).
-9
Let n(q) = -7*q + 53. Let z(t) = -96*t + 585. Let l be z(6). Give n(l).
-10
Let o(d) = -d**2 + 10*d - 10. Let b = -226 - -235. What is o(b)?
-1
Let x(l) = -l**3 - 23*l**2 - 125*l - 204. Let q be x(-16). Let g(o) = o**3 - 3*o**2 + 4*o - 27. Give g(q).
5
Suppose -10*x = -6*x + 444. Let u = 116 + x. Let m(w) = -3*w + u*w + 0*w - 4 + 2 + 4*w**2. Calculate m(-2).
10
Sup